[INFO] fetching crate trillium-logger 0.4.2...
[INFO] checking trillium-logger-0.4.2 against master#e6e4f7ed1589e03bc2f6c5931c1a72e7947e8682 for beta-170-4
[INFO] extracting crate trillium-logger 0.4.2 into /workspace/builds/worker-0-tc2/source
[INFO] validating manifest of crates.io crate trillium-logger 0.4.2 on toolchain e6e4f7ed1589e03bc2f6c5931c1a72e7947e8682
[INFO] running `Command { std: CARGO_HOME="/workspace/cargo-home" RUSTUP_HOME="/workspace/rustup-home" "/workspace/cargo-home/bin/cargo" "+e6e4f7ed1589e03bc2f6c5931c1a72e7947e8682" "metadata" "--manifest-path" "Cargo.toml" "--no-deps", kill_on_drop: false }`
[INFO] started tweaking crates.io crate trillium-logger 0.4.2
[INFO] finished tweaking crates.io crate trillium-logger 0.4.2
[INFO] tweaked toml for crates.io crate trillium-logger 0.4.2 written to /workspace/builds/worker-0-tc2/source/Cargo.toml
[INFO] crate crates.io crate trillium-logger 0.4.2 already has a lockfile, it will not be regenerated
[INFO] running `Command { std: CARGO_HOME="/workspace/cargo-home" RUSTUP_HOME="/workspace/rustup-home" "/workspace/cargo-home/bin/cargo" "+e6e4f7ed1589e03bc2f6c5931c1a72e7947e8682" "fetch" "--manifest-path" "Cargo.toml", kill_on_drop: false }`
[INFO] running `Command { std: "docker" "create" "-v" "/var/lib/crater-agent-workspace/builds/worker-0-tc2/target:/opt/rustwide/target:rw,Z" "-v" "/var/lib/crater-agent-workspace/builds/worker-0-tc2/source:/opt/rustwide/workdir:ro,Z" "-v" "/var/lib/crater-agent-workspace/cargo-home:/opt/rustwide/cargo-home:ro,Z" "-v" "/var/lib/crater-agent-workspace/rustup-home:/opt/rustwide/rustup-home:ro,Z" "-e" "SOURCE_DIR=/opt/rustwide/workdir" "-e" "CARGO_TARGET_DIR=/opt/rustwide/target" "-e" "CARGO_HOME=/opt/rustwide/cargo-home" "-e" "RUSTUP_HOME=/opt/rustwide/rustup-home" "-w" "/opt/rustwide/workdir" "-m" "1610612736" "--user" "0:0" "--network" "none" "ghcr.io/rust-lang/crates-build-env/linux@sha256:19e73879b68f455e41552ea35293514db52ea292d993f571636dbffedb77a1ee" "/opt/rustwide/cargo-home/bin/cargo" "+e6e4f7ed1589e03bc2f6c5931c1a72e7947e8682" "metadata" "--no-deps" "--format-version=1", kill_on_drop: false }`
[INFO] [stdout] 912285959f10ef6bdc434a74a21e2e08850117cbf9601fd8fa5ffa6c026919c0
[INFO] running `Command { std: "docker" "start" "-a" "912285959f10ef6bdc434a74a21e2e08850117cbf9601fd8fa5ffa6c026919c0", kill_on_drop: false }`
[INFO] running `Command { std: "docker" "inspect" "912285959f10ef6bdc434a74a21e2e08850117cbf9601fd8fa5ffa6c026919c0", kill_on_drop: false }`
[INFO] running `Command { std: "docker" "rm" "-f" "912285959f10ef6bdc434a74a21e2e08850117cbf9601fd8fa5ffa6c026919c0", kill_on_drop: false }`
[INFO] [stdout] 912285959f10ef6bdc434a74a21e2e08850117cbf9601fd8fa5ffa6c026919c0
[INFO] running `Command { std: "docker" "create" "-v" "/var/lib/crater-agent-workspace/builds/worker-0-tc2/target:/opt/rustwide/target:rw,Z" "-v" "/var/lib/crater-agent-workspace/builds/worker-0-tc2/source:/opt/rustwide/workdir:ro,Z" "-v" "/var/lib/crater-agent-workspace/cargo-home:/opt/rustwide/cargo-home:ro,Z" "-v" "/var/lib/crater-agent-workspace/rustup-home:/opt/rustwide/rustup-home:ro,Z" "-e" "SOURCE_DIR=/opt/rustwide/workdir" "-e" "CARGO_TARGET_DIR=/opt/rustwide/target" "-e" "CARGO_INCREMENTAL=0" "-e" "RUST_BACKTRACE=full" "-e" "RUSTFLAGS=--cap-lints=forbid" "-e" "RUSTDOCFLAGS=--cap-lints=forbid" "-e" "CARGO_HOME=/opt/rustwide/cargo-home" "-e" "RUSTUP_HOME=/opt/rustwide/rustup-home" "-w" "/opt/rustwide/workdir" "-m" "1610612736" "--user" "0:0" "--network" "none" "ghcr.io/rust-lang/crates-build-env/linux@sha256:19e73879b68f455e41552ea35293514db52ea292d993f571636dbffedb77a1ee" "/opt/rustwide/cargo-home/bin/cargo" "+e6e4f7ed1589e03bc2f6c5931c1a72e7947e8682" "check" "--frozen" "--all" "--all-targets" "--message-format=json", kill_on_drop: false }`
[INFO] [stdout] 2cb0dca2c1b482c9af9924150737eb7b10b39c9136b0e116055a4617bb8e57e2
[INFO] running `Command { std: "docker" "start" "-a" "2cb0dca2c1b482c9af9924150737eb7b10b39c9136b0e116055a4617bb8e57e2", kill_on_drop: false }`
[INFO] [stderr]    Compiling proc-macro2 v1.0.52
[INFO] [stderr]    Compiling syn v1.0.109
[INFO] [stderr]    Compiling futures-core v0.3.27
[INFO] [stderr]    Compiling smartstring v1.0.1
[INFO] [stderr]    Compiling ahash v0.8.3
[INFO] [stderr]    Compiling libc v0.2.140
[INFO] [stderr]    Compiling thiserror v1.0.39
[INFO] [stderr]     Checking futures-io v0.3.27
[INFO] [stderr]     Checking once_cell v1.17.1
[INFO] [stderr]     Checking parking v2.0.0
[INFO] [stderr]     Checking waker-set v0.2.0
[INFO] [stderr]     Checking futures-lite v1.12.0
[INFO] [stderr]    Compiling async-trait v0.1.66
[INFO] [stderr]     Checking encoding_rs v0.8.32
[INFO] [stderr]    Compiling time-core v0.1.0
[INFO] [stderr]     Checking memmem v0.1.1
[INFO] [stderr]     Checking hashbrown v0.13.2
[INFO] [stderr]    Compiling time-macros v0.2.8
[INFO] [stderr]     Checking smartcow v0.2.1
[INFO] [stderr]     Checking num_threads v0.1.6
[INFO] [stderr]     Checking chrono v0.4.24
[INFO] [stderr]     Checking size v0.4.1
[INFO] [stderr]    Compiling quote v1.0.26
[INFO] [stderr]     Checking atty v0.2.14
[INFO] [stderr]     Checking colored v2.0.0
[INFO] [stderr]     Checking time v0.3.20
[INFO] [stderr]    Compiling pin-project-internal v1.0.12
[INFO] [stderr]    Compiling thiserror-impl v1.0.39
[INFO] [stderr]     Checking pin-project v1.0.12
[INFO] [stderr]     Checking stopper v0.2.0
[INFO] [stderr]     Checking access_log_parser v0.8.0
[INFO] [stderr]     Checking trillium-http v0.2.12
[INFO] [stderr]     Checking trillium v0.2.6
[INFO] [stderr]     Checking trillium-logger v0.4.2 (/opt/rustwide/workdir)
[INFO] [stdout] error[E0433]: failed to resolve: use of undeclared crate or module `trillium_testing`
[INFO] [stdout]  --> tests/apache.rs:9:5
[INFO] [stdout]   |
[INFO] [stdout] 9 | use trillium_testing::prelude::*;
[INFO] [stdout]   |     ^^^^^^^^^^^^^^^^ use of undeclared crate or module `trillium_testing`
[INFO] [stdout] 
[INFO] [stdout] 
[INFO] [stdout] error[E0433]: failed to resolve: use of undeclared crate or module `trillium_smol`
[INFO] [stdout]   --> examples/logger.rs:18:5
[INFO] [stdout]    |
[INFO] [stdout] 18 |     trillium_smol::run((
[INFO] [stdout]    |     ^^^^^^^^^^^^^ use of undeclared crate or module `trillium_smol`
[INFO] [stdout] 
[INFO] [stdout] 
[INFO] [stdout] error: aborting due to previous error
[INFO] [stdout] 
[INFO] [stdout] 
[INFO] [stdout] For more information about this error, try `rustc --explain E0433`.
[INFO] [stdout] 
[INFO] [stderr] error: could not compile `trillium-logger` (example "logger") due to 2 previous errors
[INFO] [stderr] warning: build failed, waiting for other jobs to finish...
[INFO] [stdout] error[E0425]: cannot find function `get` in this scope
[INFO] [stdout]   --> tests/apache.rs:28:5
[INFO] [stdout]    |
[INFO] [stdout] 28 |     get("/some/path?query")
[INFO] [stdout]    |     ^^^ not found in this scope
[INFO] [stdout]    |
[INFO] [stdout] help: use the `.` operator to call the method `get` on `&str`
[INFO] [stdout]    |
[INFO] [stdout] 28 -     get("/some/path?query")
[INFO] [stdout] 28 +     "/some/path?query".get()
[INFO] [stdout]    |
[INFO] [stdout] 
[INFO] [stdout] 
[INFO] [stdout] error[E0277]: can't compare `http::status::StatusCode` with `Status`
[INFO] [stdout]   --> tests/apache.rs:40:5
[INFO] [stdout]    |
[INFO] [stdout] 40 |     assert_eq!(log.status_code, Status::ImATeapot);
[INFO] [stdout]    |     ^^^^^^^^^^^^^^^^^^^^^^^^^^^^^^^^^^^^^^^^^^^^^^ no implementation for `http::status::StatusCode == Status`
[INFO] [stdout]    |
[INFO] [stdout]    = help: the trait `PartialEq<Status>` is not implemented for `http::status::StatusCode`
[INFO] [stdout]    = help: the following other types implement trait `PartialEq<Rhs>`:
[INFO] [stdout]              <http::status::StatusCode as PartialEq<u16>>
[INFO] [stdout]              <http::status::StatusCode as PartialEq>
[INFO] [stdout]    = note: this error originates in the macro `assert_eq` (in Nightly builds, run with -Z macro-backtrace for more info)
[INFO] [stdout] 
[INFO] [stdout] 
[INFO] [stdout] error[E0308]: mismatched types
[INFO] [stdout]   --> tests/apache.rs:41:5
[INFO] [stdout]    |
[INFO] [stdout] 41 |     assert_eq!(request.version(), Version::Http1_1);
[INFO] [stdout]    |     ^^^^^^^^^^^^^^^^^^^^^^^^^^^^^^^^^^^^^^^^^^^^^^^
[INFO] [stdout]    |     |
[INFO] [stdout]    |     expected `http::version::Version`, found `Version`
[INFO] [stdout]    |     expected because this is `http::version::Version`
[INFO] [stdout]    |
[INFO] [stdout]    = note: `Version` and `http::version::Version` have similar names, but are actually distinct types
[INFO] [stdout] note: `Version` is defined in crate `trillium_http`
[INFO] [stdout]   --> /opt/rustwide/cargo-home/registry/src/index.crates.io-6f17d22bba15001f/trillium-http-0.2.12/src/version.rs:6:1
[INFO] [stdout]    |
[INFO] [stdout] 6  | pub enum Version {
[INFO] [stdout]    | ^^^^^^^^^^^^^^^^
[INFO] [stdout] note: `http::version::Version` is defined in crate `http`
[INFO] [stdout]   --> /opt/rustwide/cargo-home/registry/src/index.crates.io-6f17d22bba15001f/http-0.2.9/src/version.rs:26:1
[INFO] [stdout]    |
[INFO] [stdout] 26 | pub struct Version(Http);
[INFO] [stdout]    | ^^^^^^^^^^^^^^^^^^
[INFO] [stdout]    = note: this error originates in the macro `assert_eq` (in Nightly builds, run with -Z macro-backtrace for more info)
[INFO] [stdout] 
[INFO] [stdout] 
[INFO] [stdout] error[E0425]: cannot find function `get` in this scope
[INFO] [stdout]   --> tests/apache.rs:61:5
[INFO] [stdout]    |
[INFO] [stdout] 61 |     get("/some/path?query")
[INFO] [stdout]    |     ^^^ not found in this scope
[INFO] [stdout]    |
[INFO] [stdout] help: use the `.` operator to call the method `get` on `&str`
[INFO] [stdout]    |
[INFO] [stdout] 61 -     get("/some/path?query")
[INFO] [stdout] 61 +     "/some/path?query".get()
[INFO] [stdout]    |
[INFO] [stdout] 
[INFO] [stdout] 
[INFO] [stdout] error[E0277]: can't compare `http::status::StatusCode` with `Status`
[INFO] [stdout]   --> tests/apache.rs:73:5
[INFO] [stdout]    |
[INFO] [stdout] 73 |     assert_eq!(log.status_code, Status::ImATeapot);
[INFO] [stdout]    |     ^^^^^^^^^^^^^^^^^^^^^^^^^^^^^^^^^^^^^^^^^^^^^^ no implementation for `http::status::StatusCode == Status`
[INFO] [stdout]    |
[INFO] [stdout]    = help: the trait `PartialEq<Status>` is not implemented for `http::status::StatusCode`
[INFO] [stdout]    = help: the following other types implement trait `PartialEq<Rhs>`:
[INFO] [stdout]              <http::status::StatusCode as PartialEq<u16>>
[INFO] [stdout]              <http::status::StatusCode as PartialEq>
[INFO] [stdout]    = note: this error originates in the macro `assert_eq` (in Nightly builds, run with -Z macro-backtrace for more info)
[INFO] [stdout] 
[INFO] [stdout] 
[INFO] [stdout] error[E0308]: mismatched types
[INFO] [stdout]   --> tests/apache.rs:74:5
[INFO] [stdout]    |
[INFO] [stdout] 74 |     assert_eq!(request.version(), Version::Http1_1);
[INFO] [stdout]    |     ^^^^^^^^^^^^^^^^^^^^^^^^^^^^^^^^^^^^^^^^^^^^^^^
[INFO] [stdout]    |     |
[INFO] [stdout]    |     expected `http::version::Version`, found `Version`
[INFO] [stdout]    |     expected because this is `http::version::Version`
[INFO] [stdout]    |
[INFO] [stdout]    = note: `Version` and `http::version::Version` have similar names, but are actually distinct types
[INFO] [stdout] note: `Version` is defined in crate `trillium_http`
[INFO] [stdout]   --> /opt/rustwide/cargo-home/registry/src/index.crates.io-6f17d22bba15001f/trillium-http-0.2.12/src/version.rs:6:1
[INFO] [stdout]    |
[INFO] [stdout] 6  | pub enum Version {
[INFO] [stdout]    | ^^^^^^^^^^^^^^^^
[INFO] [stdout] note: `http::version::Version` is defined in crate `http`
[INFO] [stdout]   --> /opt/rustwide/cargo-home/registry/src/index.crates.io-6f17d22bba15001f/http-0.2.9/src/version.rs:26:1
[INFO] [stdout]    |
[INFO] [stdout] 26 | pub struct Version(Http);
[INFO] [stdout]    | ^^^^^^^^^^^^^^^^^^
[INFO] [stdout]    = note: this error originates in the macro `assert_eq` (in Nightly builds, run with -Z macro-backtrace for more info)
[INFO] [stdout] 
[INFO] [stdout] 
[INFO] [stdout] error: aborting due to 7 previous errors
[INFO] [stdout] 
[INFO] [stdout] 
[INFO] [stdout] Some errors have detailed explanations: E0277, E0308, E0425, E0433.
[INFO] [stdout] 
[INFO] [stdout] For more information about an error, try `rustc --explain E0277`.
[INFO] [stdout] 
[INFO] [stderr] error: could not compile `trillium-logger` (test "apache") due to 8 previous errors
[INFO] running `Command { std: "docker" "inspect" "2cb0dca2c1b482c9af9924150737eb7b10b39c9136b0e116055a4617bb8e57e2", kill_on_drop: false }`
[INFO] running `Command { std: "docker" "rm" "-f" "2cb0dca2c1b482c9af9924150737eb7b10b39c9136b0e116055a4617bb8e57e2", kill_on_drop: false }`
[INFO] [stdout] 2cb0dca2c1b482c9af9924150737eb7b10b39c9136b0e116055a4617bb8e57e2
